1289840 + -132?
1289708
In base 5, what is 21141142 - -30133?
21221330
In base 7, what is 10362 - 1612?
5450
In base 5, what is -1144 + -1432332?
-1434031
In base 10, what is -125 + -548123?
-548248
In base 6, what is 505125213 + -1?
505125212
In base 7, what is 2661423024 + -15?
2661423006
In base 4, what is 313033101 + -211?
313032230
In base 11, what is -883039 + -a4?
-883132
In base 11, what is -131223 - 7?
-13122a
In base 4, what is -201031201 - -1123?
-201030012
In base 3, what is -121 + -2012110210110011?
-2012110210110202
In base 8, what is -2 - 17655420?
-17655422
In base 16, what is -318d + -3c2?
-354f
In base 7, what is 23164352042 + 5?
23164352050
In base 3, what is 111001 - 22111122?
-22000121
In base 11, what is -7a1653 - 12?
-7a1665
In base 13, what is 5b378cb + -5?
5b378c6
In base 5, what is -411144003 + -1410?
-411200413
In base 4, what is 0 + 2130313332033?
2130313332033
In base 12, what is 104 - 1b754?
-1b650
In base 6, what is -11115310150 - 0?
-11115310150
In base 11, what is 341a - -2a7?
3716
In base 8, what is -70733 - -3373?
-65340
In base 16, what is -13 - -204d2c?
204d19
In base 14, what is 10c2b025d - 4?
10c2b0259
In base 11, what is -96 - -81720?
81635
In base 9, what is -2 + -182215011?
-182215013
In base 11, what is -3309 - 125062?
-128370
In base 10, what is 59353 - 6?
59347
In base 10, what is -24134333 + -16?
-24134349
In base 7, what is -116150 - 102655?
-222135
In base 14, what is -41 + bd30?
bccd
In base 4, what is -2 + 10032211213111?
10032211213103
In base 3, what is 2022011011021120021 + 0?
2022011011021120021
In base 4, what is -110 + -121111032321?
-121111033031
In base 6, what is -10553130 - -104?
-10553022
In base 11, what is 206803 + 26?
206829
In base 16, what is 3d8 - -20?
3f8
In base 4, what is -2310120012 - -231?
-2310113121
In base 6, what is 31244 + 224?
31512
In base 12, what is -732 + 799?
67
In base 16, what is -151 - -2b26b3?
2b2562
In base 16, what is -3 + 1184c88?
1184c85
In base 15, what is -1a3 + -7006d?
-70221
In base 3, what is -11210220221 - 1222?
-11210222220
In base 5, what is 10 - 122324133222?
-122324133212
In base 15, what is -a + -dd73b?
-dd746
In base 4, what is -10 - -3000313002111?
3000313002101
In base 6, what is 155053115 - -553?
155054112
In base 13, what is 3 + -1154614?
-1154611
In base 6, what is -15450 + 302525?
243035
In base 2, what is 100101011 + -101100101100010101?
-101100100111101010
In base 12, what is 8 + -9019399?
-9019391
In base 13, what is 5 + -1a30c3c?
-1a30c37
In base 5, what is 2 - -12213033202?
12213033204
In base 5, what is -4 - -1132132102004?
1132132102000
In base 8, what is -3727 + -15261?
-21210
In base 13, what is 74cc4 - -1a4?
75198
In base 8, what is 32 - 2261524?
-2261472
In base 14, what is -1472b - 3a?
-14767
In base 6, what is 22215 + -33033?
-10414
In base 14, what is -387b - -3a81?
204
In base 4, what is -2020231100 + -3231?
-2020300331
In base 15, what is 4 + 1d9e75a?
1d9e75e
In base 5, what is -10132021013 + -112?
-10132021130
In base 8, what is 25312165 - 10?
25312155
In base 10, what is 1685 - 240075?
-238390
In base 12, what is 38081880 + -2?
3808187a
In base 14, what is -64a1 - 5a6b?
-c12c
In base 6, what is 21520 + 4331?
30251
In base 9, what is -3 - 31866754?
-31866757
In base 5, what is -3324423440 - -10?
-3324423430
In base 6, what is -243 + -11213250?
-11213533
In base 9, what is -3331756247 - 4?
-3331756252
In base 4, what is -3302 - -10032120?
10022212
In base 15, what is 3 + -1b9ca9?
-1b9ca6
In base 15, what is 94e1 - -1058?
a549
In base 6, what is 2333035 - -1113?
2334152
In base 7, what is -344341 - -234?
-344104
In base 5, what is 11243041420 + 4?
11243041424
In base 7, what is -512626 - 352?
-513311
In base 3, what is 12 + -202021002201222221?
-202021002201222202
In base 15, what is -16 + -150c20?
-150c36
In base 7, what is 265501 - 4634?
260534
In base 4, what is -2 + -232103111232?
-232103111300
In base 6, what is 10032240523 - 5?
10032240514
In base 3, what is -1112 + -122012112021200?
-122012112100012
In base 5, what is -1304 - 20322044?
-20323403
In base 6, what is -1324 + -354100?
-355424
In base 7, what is 5112505454 - -2?
5112505456
In base 11, what is -261516 - -8?
-261509
In base 8, what is 3717 - -124054?
127773
In base 13, what is -774cb9 - 10?
-774cc9
In base 2, what is 101101011010110 - -101101101?
101110001000011
In base 15, what is -2b5894 + -1?
-2b5895
In base 10, what is -2881942 + 21?
-2881921
In base 9, what is 14786 - 16313?
-1416
In base 3, what is 2101102221000001 + 0?
2101102221000001
In base 3, what is 11 + 221111202001110?
221111202001121
In base 10, what is 18187 - -24827?
43014
In base 3, what is 102001200211 + 2011?
102001202222
In base 6, what is 120 + 23333020?
23333140
In base 3, what is -102011200120 + 112212?
-102011010201
In base 9, what is 827 + 1464621?
1465548
In base 2, what is -11001111010011 - -111101101?
-11000111100110
In base 7, what is 36455102 + -146?
36454623
In base 2, what is -110011101111010001110 - 101001001?
-110011101111111010111
In base 14, what is -35c + 1cb25?
1c7a7
In base 4, what is -1032010330102 - 11?
-1032010330113
In base 2, what is 11101100111111110001 + -10011?
11101100111111011110
In base 8, what is -2053525 + -540?
-2054265
In base 6, what is -5 + 1223434334?
1223434325
In base 14, what is 405 + -cb604?
-cb1dd
In base 16, what is -f1b4 + -47?
-f1fb
In base 9, what is 105745 + 141?
105886
In base 13, what is -a2c4 + -281a?
-cb11
In base 15, what is 3 + -3ab3315?
-3ab3312
In base 13, what is -4 - 6270b?
-62712
In base 10, what is 10067517 - -3?
10067520
In base 11, what is -664786 + -3?
-664789
In base 12, what is -2 + -4097606?
-4097608
In base 12, what is -3424991a + 1?
-34249919
In base 10, what is -1182 - -4514?
3332
In base 3, what is -21000 + 12120200220?
12120102220
In base 9, what is -8633 - -27812?
18168
In base 12, what is 61b5 + 7a22?
12017
In base 11, what is -1 - 2271296?
-2271297
In base 12, what is -47996 + 465?
-47531
In base 15, what is 4 + -6d08924?
-6d08920
In base 5, what is 114 - 243320012?
-243314343
In base 14, what is 42313c - -20?
42315c
In base 15, what is 2597061 + -5?
259705b
In base 6, what is -222523401 + -1?
-222523402
In base 7, what is -14265044154 - 2?
-14265044156
In base 10, what is 8 + -2359542?
-2359534
In base 7, what is 16225 - -52243?
101501
In base 8, what is -25763215 - -1?
-25763214
In base 7, what is -33 + -1236460563?
-1236460626
In base 14, what is 2059d + -67?
20536
In base 6, what is 3 - -2143450042?
2143450045
In base 5, what is 201 - 31434124?
-31433423
In base 14, what is d05 + 1cab2?
1d9b7
In base 12, what is 240133 - -3a6?
240519
In base 9, what is -201 + -276108?
-276310
In base 6, what is 210 + 3003505?
3004115
In base 11, what is 34 + -1a348?
-1a314
In base 2, what is 1 - -1001101011001001001001?
1001101011001001001010
In base 12, what is 151b23 - 0?
151b23
In base 3, what is 102010000211 - -211001?
102010211212
In base 5, what is 10341110 - 2224?
10333331
In base 4, what is 12122112 - 1101?
12121011
In base 9, what is 12266 + -3338?
7827
In base 4, what is -22 + 1122111323303?
1122111323221
In base 11, what is 0 - 1125421?
-1125421
In base 9, what is -1 + 556582412?
556582411
In base 12, what is -2897 - 16?
-28b1
In base 2, what is 10100000000010010101000100 + -1100?
10100000000010010100111000
In base 3, what is -2001 - -20011100201?
20011021200
In base 14, what is 752db195 + 1?
752db196
In base 5, what is 242001 - -34322?
331323
In base 10, what is 4 + 3398083?
3398087
In base 9, what is 1427 - 135066?
-133538
In base 14, what is -26bc - -49cc9?
4760b
In base 16, what is -5618b5f + -4?
-5618b63
In base 8, what is -57 - 10337416?
-10337475
In base 3, what is 2 - -11112110001102111?
11112110001102120
In base 8, what is 3131 + 1445266?
1450417
In base 3, what is -21001211121 + 20120201?
-20211020220
In base 2, what is 110 - -111000000000101000?
111000000000101110
In base 5, what is 4 + -342410113?
-342410104
In base 2, what is -1010110101111011001 - -11111101?
-1010110101011011100
In base 12, what is -11 + -7a5226b?
-7a52280
In base 4, what is 21 - 2330222021232?
-2330222021211
In base 2, what is 11110011101000011001000 - -110101?
11110011101000011111101
In base 11, what is -325 + 61260?
60a36
In b